 composite?
True
Suppose 2074*y - 2077*y = -13641. Is y a prime number?
True
Let c(t) = t**2 - 7*t + 3. Let v be c(7). Let o(n) = -n + 6. Let j be o(6). Suppose v*w - 480 - 57 = j. Is w composite?
False
Let l be -1 + (2 - (1 + 0)). Suppose 0*s + s = l. Is 38*5 - (s - 1) a composite number?
False
Let s(m) = -244*m + 9. Let r be s(-4). Let b = r - 467. Is 18/27 - b/(-6) composite?
True
Suppose -r = -0*r - 9. Suppose l = 2*f - 454, 3*f - 4*l = -r*l + 668. Is f a prime number?
False
Let i be -1 + (444/15 - (-4)/10). Suppose z - 30 = i. Is z a prime number?
True
Suppose 3*a - n = 10630, -2*a + 1664 + 5421 = -n. Is ((a - 0)/(-5))/(2 - 3) a composite number?
False
Suppose -7*w + 3*w = 2*w. Suppose 1315 = 5*t - w*t. Is t a prime number?
True
Suppose -8 = -5*w + 5*v + 12, v = 4*w - 16. Suppose -7*q - 48 = -w*q. Is 5190/14 + q/(-56) a composite number?
True
Let g(u) = 113*u**3 + 2*u**2 - 3*u - 17. Is g(5) a prime number?
True
Let z = 117 + -82. Suppose 2*f - 69 - 263 = 5*d, -f = 4*d - 192. Let b = f + z. Is b prime?
True
Let j be 14/63 - 25/(-9). Suppose -2*c + 514 = x + 181, j*c + 4*x = 502. Is -4 + 2 + c + -1 prime?
True
Let m(g) = -g - 1. Let b(a) = 220*a + 41. Let l(x) = -b(x) - 3*m(x). Is l(-7) prime?
True
Suppose -5*f - 9 = -8*f. Suppose -t + f*t = 284. Is t prime?
False
Let a(s) = -s**3 - s**2 + 10*s + 8. Let p(i) = -6*i**2 + 14*i + 7 - 5*i + 5*i**2 - i**2 - i**3. Let m(t) = 2*a(t) - 3*p(t). Is m(4) composite?
True
Suppose 3*p - 5*c = -18, 0 = 2*p - 5*c - 0*c + 12. Is (-3 - 0)*((-2948)/12 + p) composite?
True
Suppose 0*y + 20 = y. Suppose 4*i + 4*r = r - 780, 5*r + y = 0. Let j = 29 - i. Is j composite?
True
Let j(m) = -m**2 + 3*m + 3. Let k be j(4). Is ((-179)/(-2))/(k/(-2)) composite?
False
Suppose -2*v - 2 = -8. Suppose 0*r = v*r - 9. Suppose -4*i = -r*x + 66, -5*x - 4*i + 136 = -2*i. Is x composite?
True
Suppose -191*t + 178*t = -159263. Is t composite?
False
Let m(h) = 16 + 1 - 44*h + 5*h + 5*h**2 - 6*h**2. Is m(-18) composite?
True
Let d(k) = k**3 + 9*k**2 - 2*k + 5. Is d(6) a composite number?
True
Is (-4)/(-12) - (-87206)/3 composite?
True
Let w(q) = -4*q**3 - 84*q**2 - 67*q + 38. Is w(-39) a composite number?
False
Let a(j) = -13*j + 1. Let b(h) = 2*h**2 - 15*h + 8. Let u be b(7). Let q be a(u). Is 3746/8 - 9/q composite?
True
Let o be 4/14 - 11/((-308)/(-8)). Suppose 4*q - 884 = -o*q. Is q a prime number?
False
Let m(v) = -12*v**3 - v**2 - v - 17. Suppose 17 + 15 = -4*z. Is m(z) composite?
True
Suppose -86 = 4*w + 86. Is -2*(-3)/(-2)*w prime?
False
Let f be (3/(-3))/((-35)/(-20) - 2). Suppose -c = u + 4*u - 4243, -f*u = -3*c - 3402. Is u a composite number?
True
Suppose 3*o + m = 79355, -2*o - 52890 = -4*o - 4*m. Is o a composite number?
True
Is 375489/99 - 8/(-44) prime?
True
Suppose -18*b + 21142 + 6272 = 0. Is b a prime number?
True
Let k(o) = o**3 - 6*o**2 - 10*o + 21. Let v be k(7). Suppose y + 0*z = -2*z + 219, v = -y + 4*z + 213. Is y a prime number?
False
Let x = 65403 - 22600. Is x a prime number?
False
Suppose -5*p + 2*f + 26008 = -1679, -p = -f - 5535. Is p a prime number?
False
Let b(i) = 4411*i**2 - i - 1. Is b(1) prime?
True
Suppose 5*g - 2*q = 15135, 3*q - 13686 = -4*g - 1578. Suppose -g = -12*a + 9*a. Is a a prime number?
True
Suppose t - 92 = -5*n, 0 = -4*t - 0*n + 4*n + 368. Let i = -4 - -7. Suppose 5*u - 183 - t = 5*f, i*f - 141 = -3*u. Is u a composite number?
True
Let y(n) be the second derivative of -n**5/20 - 9*n**4/4 - 13*n**3/3 - 61*n**2/2 + 25*n. Is y(-27) a prime number?
True
Let m(w) be the second derivative of 17*w**4/12 + w**3/3 + 2*w**2 + 10*w. Is m(-5) composite?
False
Is (-8)/72 + (-47674)/(-9) + 2 a composite number?
True
Let q = 16962 - -4127. Is q a composite number?
False
Let p = 988 - 299. Is p a composite number?
True
Let q(p) = 238*p + 345. Is q(5) prime?
False
Let n(m) = 111*m**2 - 4*m + 105. Is n(8) composite?
False
Let x = 336 + -317. Suppose -d + 340 = -4*d - 4*i, -5*i - 455 = 4*d. Let l = x - d. Is l composite?
False
Suppose 28118 = 32*s - 30*s. Let f = s - 7154. Is f prime?
False
Let v(n) = 28*n - 111. Is v(31) prime?
True
Suppose 0 + 2 = -p. Let r be (-3)/p*(-12168)/(-27). Let x = r + -287. Is x composite?
False
Suppose 0 = 5*p - 4*t - 47, -t = p - 5*p + 42. Suppose -4*i = -3*w + 4, w + 5*i - 19 = 14. Suppose -7*z = -w*z + p. Is z a composite number?
False
Let r(t) = -t**2 - 7*t + 5. Let k be r(-7). Suppose -k*i = -i - 4940. Suppose i = 10*j - 5*j. Is j prime?
False
Let r(u) = -665*u - 5. Let m be r(3). Let x = m - -557. Let s = -748 - x. Is s a prime number?
False
Let y be (-3)/4 + 90/24. Let j(a) = 5*a**2 + 3*a**2 + 2*a**3 - 7 - a**y + 6*a + 5*a**2. Is j(-5) prime?
True
Let i(s) = -66*s + 65. Is i(-4) composite?
True
Let d(r) = 8*r**2 - 8*r + 157. Is d(27) prime?
False
Is 14/(-21)*(-17)/((-68)/(-33270)) a composite number?
True
Let s = 1021 + -602. Is s a prime number?
True
Let h = -74 + 83. Suppose h*s - 2473 = 2162. Is s a composite number?
True
Let w(l) = 2*l**3 - 6*l**2 - 52*l + 13. Is w(9) composite?
True
Let a = 34 - 34. Let m = -6 - -10. Suppose -2*z + m*o + 312 = a, o - 5*o = 5*z - 710. Is z composite?
True
Let a = 33054 - 10163. Is a prime?
False
Let o = 574 + -307. Let j be 119 + 2/(6/(-3)). Let q = o - j. Is q a prime number?
True
Let y = -391 - -832. Suppose 3*c = d - 29 - y, -3*c + 488 = d. Is d composite?
False
Let x(h) = -6664*h + 15. Is x(-1) composite?
False
Let q(b) be the second derivative of b**6/18 + b**5/120 - b**4/6 + 7*b. Let v(j) be the third derivative of q(j). Is v(4) a composite number?
True
Is ((-406485)/(-25) - 4) + 2/(-5) a composite number?
True
Is 4/28 - (-144400)/70 a composite number?
False
Suppose -2*q + q + 1086 = 0. Suppose 4*c + 0*w + 5*w - 4419 = 0, -5*w - q = -c. Is c composite?
True
Let p = -7970 - -21883. Is p a composite number?
False
Suppose -378408 - 41502 = -30*k. Is k composite?
False
Let z(o) = -2*o**2 + 3*o - 3. Let p be z(2). Let m be (-6)/p*280/16. Suppose -r + m + 73 = -3*f, -3*f - 276 = -3*r. Is r a composite number?
True
Let i(s) = 6*s**3 + 180*s**2 + 27*s - 17. Is i(-25) composite?
True
Let p be (-2 + -7)/(-3)*1. Let a be 0*p*(-3)/(-27). Suppose 2*g + 2*g = z + 73, a = -4*g + 5*z + 61. Is g a prime number?
True
Suppose -5*i - r = -21 + 6, 4*i = -2*r + 18. Suppose -i*m = -0*m - 48. Suppose -4*z + 782 = 2*l, 5*l + 9 = m. Is z composite?
True
Suppose 2*l - 7 = 13. Suppose l*g - 2*g = 24328. Is g prime?
True
Let d = -516 - -6174. Suppose -2*p + 8*p - d = 0. Is p a composite number?
True
Let w = 1259 + -868. Suppose -2*r + 15 = -w. Is r composite?
True
Let x be 16 + -11 - (0/(-2) - -1). Suppose -4*v + v + x*u + 373 = 0, -3*u + 260 = 2*v. Is v prime?
True
Let t = -63 + 47. Let q(z) = z**2 - 25*z + 23. Is q(t) a prime number?
False
Suppose 3*k - 30 - 30 = 0. Suppose 3*r - 3*q = 6*r - 51, 0 = -4*r - 2*q + 78. Suppose -k*z - 212 = -r*z. Is z a prime number?
False
Let a = 636 - 337. Is a composite?
True
Let r = 12200 - 2193. Is r prime?
True
Suppose v - 3*v - 3*f = -29263, -4*v + 58527 = 5*f. Is v a composite number?
False
Suppose 4*c + c = -820. Let i = c + 543. Is i a composite number?
False
Suppose 10 = 4*k - 2*k + 4*w, -4*w + 14 = -2*k. Is k*2 - -1*604/4 a composite number?
False
Suppose -2*m = -4*y - 0 + 2, 2*m - y = 7. Let w(l) = 145*l**2 - 6*l + 3. Let d be w(-3). Suppose -d = -m*t - 71. Is t prime?
True
Suppose 0 = 15*u - 11501 + 2681. Let w = -143 + u. Is w a composite number?
True
Is ((-6847045)/(-435))/(1/3) a composite number?
False
Let h(a) = -33*a**3 - 6*a**2 + 33*a - 67. Is h(-13) a prime number?
True
Suppose -4*t = -18 - 2. Suppose -153 = t*q - 8*q. Is q composite?
True
Suppose -44*h + 36 = -38*h. Let x(z) = 10*z + 2*z**3 - 4*z**2 - 4*z**2 + 0*z**2 - 1. Is x(h) a composite number?
True
Suppose 2*q = -5*t + 10, -t + 8 = -2*q + 3*t. Suppose q = -3*c + 4*j + 20, 3*j + 25 - 10 = c. Suppose -4*z + 5*z - 85 = c. Is z a prime number?
False
Let z(g) = -g**3 - 20*g**2 - 4*g + 39. Let b be z(-21). Let m be (-3874)/14 + 4/(-14). Let j = b + m. Is j composite?
True
Let w(u) = -u**2 - 14*u + 5099. Is w(0) composite?
False
Suppose 2*y - 5*a - 25 = 0, 1 = 4*a + 21. Suppose y*k = 2*k. Suppose -n + 442 + 145 = k. Is n composite?
False
Suppose -23*f + 10*f + 90181 = 0. Is f composite?
True
Suppose 0 = -2*d - d + 72. Let r(c) = -2*c + 55. Is